{"id":13,"date":"2020-01-09T19:43:11","date_gmt":"2020-01-09T19:43:11","guid":{"rendered":"http:\/\/bodegasmi.com\/?page_id=13"},"modified":"2020-03-07T20:43:10","modified_gmt":"2020-03-08T02:43:10","slug":"a-homepage-section","status":"publish","type":"page","link":"https:\/\/bodegasmi.com\/","title":{"rendered":"Bienvenido a Bodega SMI Nuevo Laredo"},"content":{"rendered":"\n<p><strong>Bodega SMI se enfoca a presentar la mejor soluci\u00f3n para sus requerimientos comunes de almacenaje e imprevistos causados por el transporte a destino de sus mercanc\u00edas. Sabemos que para sobrevivir y destacar en el mercado actual es necesario ser capaz de centrarse en el negocio principal. Las distracciones ralentizaran su empresa&nbsp; y acabara suponiendo una perdida del margen competitivo, recursos humanos, econ\u00f3micos y tiempo.<\/strong><\/p>\n\n\n\n<p><strong>Sabiendo que no todas las compa\u00f1\u00edas son iguales, nuestros servicios son proporcionados de acuerdo a los requerimientos y necesidades de su empresa.<\/strong><\/p>\n\n\n\n<p><strong>Teniendo esto en mente nuestro objetivo es ayudarlo a solucionar los imprevistos ocasionados durante el transito de su mercanc\u00eda a destino utilizando los recursos disponibles ya sean propios o de alguna otra compa\u00f1\u00eda para resolver la situaci\u00f3n de manera efectiva. Conserva este enlace ya que los imprevistos pueden suceder cuando menos los esperamos, este es un buen lugar para buscar los recursos que requieres.<\/strong><\/p>\n\n\n\n<p><strong>Los invitamos a unirse a esta comunidad y que realicen un recorrido por la pagina: en la pesta\u00f1a de servicios se encuentra una peque\u00f1a galer\u00eda de fotos de los problemas mas comunes y en la pesta\u00f1a de Blog y comentarios encontraran consejos opiniones, ayuda y un espacio abierto para comunicarse con la comunidad de personas dedicadas a las \u00e1reas de log\u00edstica, almacenaje, embalaje, servicios de aduana y transporte de mercanc\u00edas, en la pesta\u00f1a de Almacenaje distribuicion y bodega en Nuevo Laredo encontraran la presentaci\u00f3n en PP, ademas estamos desarrollando un espacio donde las compa\u00f1\u00edas transportistas puedan cotizar los fletes a nuestros clientes la cual estar\u00e1 funcional en poco tiempo.<\/strong><\/p>\n\n\n\n<p><strong>Esperamos que sea de ayuda este intento de iniciar un dialogo entre empresarios locales y due\u00f1os de mercanc\u00edas en transito por nuestra ciudad<\/strong>.<\/p>\n\n\n\n<p><strong>Blogs Disponibles<\/strong><\/p>\n\n\n<ul class=\"wp-block-latest-posts__list wp-block-latest-posts\"><li><a class=\"wp-block-latest-posts__post-title\" href=\"https:\/\/bodegasmi.com\/index.php\/2020\/03\/25\/reducir-gastos-o-buscar-nuevos-mercados\/273\/general\/mq0qqyxs36\/\">\u00bfReducir gastos o buscar nuevos mercados?<\/a><\/li>\n<li><a class=\"wp-block-latest-posts__post-title\" href=\"https:\/\/bodegasmi.com\/index.php\/2020\/03\/07\/embalaje-para-exportacion-tarimas-huacales-cajones-y-demas\/255\/general\/mq0qqyxs36\/\">Embalaje para exportaci\u00f3n: tarimas, huacales, cajones y dem\u00e1s<\/a><\/li>\n<li><a class=\"wp-block-latest-posts__post-title\" href=\"https:\/\/bodegasmi.com\/index.php\/2020\/02\/21\/embalaje-urgente\/246\/general\/mq0qqyxs36\/\">Embalaje urgente<\/a><\/li>\n<li><a class=\"wp-block-latest-posts__post-title\" href=\"https:\/\/bodegasmi.com\/index.php\/2020\/02\/04\/almacenaje-maniobras-fletes-y-cosas-peores\/242\/general\/mq0qqyxs36\/\">Almacenaje, maniobras, fletes y cosas peores<\/a><\/li>\n<li><a class=\"wp-block-latest-posts__post-title\" href=\"https:\/\/bodegasmi.com\/index.php\/2020\/01\/10\/bienvenida-mi-primer-entrada\/199\/general\/mq0qqyxs36\/\">Bienvenida, mi primer entrada<\/a><\/li>\n<\/ul>\n\n\n<p><\/p>\n","protected":false},"excerpt":{"rendered":"<p>Bodega SMI se enfoca a presentar la mejor soluci\u00f3n para sus requerimientos comunes de almacenaje e imprevistos causados por el transporte a destino de sus mercanc\u00edas. Sabemos que para sobrevivir y destacar en el mercado actual es necesario ser capaz &hellip; <a href=\"https:\/\/bodegasmi.com\/\">Sigue leyendo <span class=\"meta-nav\">&rarr;<\/span><\/a><\/p>\n","protected":false},"author":1,"featured_media":0,"parent":0,"menu_order":0,"comment_status":"closed","ping_status":"closed","template":"","meta":{"slim_seo":[],"footnotes":""},"_links":{"self":[{"href":"https:\/\/bodegasmi.com\/index.php\/wp-json\/wp\/v2\/pages\/13"}],"collection":[{"href":"https:\/\/bodegasmi.com\/index.php\/wp-json\/wp\/v2\/pages"}],"about":[{"href":"https:\/\/bodegasmi.com\/index.php\/wp-json\/wp\/v2\/types\/page"}],"author":[{"embeddable":true,"href":"https:\/\/bodegasmi.com\/index.php\/wp-json\/wp\/v2\/users\/1"}],"replies":[{"embeddable":true,"href":"https:\/\/bodegasmi.com\/index.php\/wp-json\/wp\/v2\/comments?post=13"}],"version-history":[{"count":15,"href":"https:\/\/bodegasmi.com\/index.php\/wp-json\/wp\/v2\/pages\/13\/revisions"}],"predecessor-version":[{"id":262,"href":"https:\/\/bodegasmi.com\/index.php\/wp-json\/wp\/v2\/pages\/13\/revisions\/262"}],"wp:attachment":[{"href":"https:\/\/bodegasmi.com\/index.php\/wp-json\/wp\/v2\/media?parent=13"}],"curies":[{"name":"wp","href":"https:\/\/api.w.org\/{rel}","templated":true}]}}